5. What is the highest common factor of h and 2?
2
Let b(q) = -158*q + 289. Let m be b(-4). Calculate the highest common divisor of m and 21.
3
Suppose 60*i = -93*i + 207*i - 9666. What is the highest common factor of i and 3401?
179
Suppose 5*o + 4*s = 162, s = -2*s - 6. Calculate the greatest common factor of 1003 and o.
17
Let p be 0 + -4 + 3 - -7. Let t(m) = -5*m + 8. Let v(d) = 4*d - 7. Let r(x) = p*t(x) + 7*v(x). Let z be r(-9). What is the greatest common divisor of 17 and z?
17
Let l be (1730/(-1038))/(3/12*(-4)/966). What is the highest common factor of 420 and l?
70
Let p = -7806 + 7812. What is the highest common factor of 237 and p?
3
Let h(y) = -18*y**2 - 39*y + 5. Let a be h(-6). Let s = 410 + a. Let r(j) = -j**2 - 4*j + 4. Let b be r(-3). Calculate the greatest common divisor of b and s.
1
Let p be (6/5)/((-25)/30 - (-78632)/94320). Calculate the highest common factor of 131 and p.
131
Let j(v) = v**2 - 5*v - 10. Let x be j(-4). Calculate the greatest common factor of x and 5018.
26
Let g(w) = 8 - 19 + 44 + 37 + 12*w**2 - 11*w**2 + 38*w. Let f be g(-37). What is the highest common divisor of f and 561?
33
Let t be (1/2)/((-1)/(-10)). Suppose -26*b + 99*b = -19*b + 368. Suppose 4*y = -0*y + 8, 0 = -t*k + b*y + 47. Calculate the greatest common divisor of k and 11.
11
Suppose 12*c - 161 = -53. Calculate the greatest common divisor of c and 13.
1
Let a = 8877 - 3607. What is the highest common divisor of a and 17?
17
Let t be (9 - (13 + 1))*4/10 - -74. Calculate the highest common divisor of t and 3366.
18
Let h(g) = -2*g + 18. Let l be h(6). Let a(p) = -6 - l + 5*p - 2 + 3. Let r be a(3). What is the highest common divisor of 32 and r?
4
Suppose t = -2*m - 449, 0*m + 2*m + 452 = -2*t. Let d = -217 - m. What is the greatest common divisor of 50 and d?
2
Let a(v) = 262*v - 235. Let n be a(1). What is the greatest common factor of 60993 and n?
27
Suppose 3*v = 4*f + 50 + 60, -2*f - 130 = -4*v. Suppose 0 = -3*y + 2*q + 501, -4*y - 3*q + 441 = -210. What is the highest common divisor of v and y?
15
Suppose 0 = 182*k - 180*k + 60. Let h be ((-100)/k)/((-4)/(-6)). Let a(f) = f**2 + 4*f + 9. Let w be a(h). What is the highest common factor of 432 and w?
54
Let k(d) = 72*d. Let n be k(1). Suppose 4*x - n = -b - 3*b, 0 = -2*x + 8. Let c = 22 - b. What is the greatest common factor of c and 8?
8
Suppose -6*q + 10570 = 30*q - 6422. Calculate the highest common factor of q and 72.
8
Let o be 13140/(-135)*(-15)/2. What is the greatest common factor of 20 and o?
10
Let d = 98 + 86. Let f be d/12 + (-2)/(-3). Let t be ((-144)/3)/(3/(-2)). Calculate the highest common divisor of f and t.
16
Let i be 3/(-6)*32/4 - (-4654 - -2). Calculate the greatest common divisor of 56 and i.
56
Suppose 51*w - 8116 - 627 = 2783. Calculate the greatest common divisor of 24182 and w.
226
Let x = 23 + -47. Let h be (-12 - -7 - -913) + (-2 - -4). Let s be 4/x - (h/12)/(-5). What is the greatest common divisor of 60 and s?
15
Let a(h) = 9*h**2 - 368*h + 151. Let b be a(41). Calculate the highest common factor of b and 1056.
96
Let h(s) = s**3 + 6*s**2 + 13*s + 12. Let c be h(-2). Suppose c*g - 2*y = 900 + 308, -g + 4*y + 589 = 0. What is the greatest common factor of 21 and g?
21
Let u = -11 + 19. Let g(i) = 4 + 5*i - 2*i + i**3 - 7*i**2 + i - 9 - 7. Let v be g(u). Calculate the highest common divisor of v and 28.
28
Suppose 0 = -4*p, 2*p = 2*f - 4 - 16. Suppose -3*w - f*w + 1196 = 0. Calculate the greatest common divisor of 69 and w.
23
Let i(o) = 2*o**3 - 8*o**2 + 4*o - 12. Let t be i(4). Suppose -3*a = -5*g + 70, -36 = g - t*g + 3*a. Calculate the highest common factor of g and 136.
17
Let k be 803334/8370 - 2/(-90). Let b(i) = i**2 - 4*i - 9. Let h be b(7). What is the greatest common divisor of h and k?
12
Suppose -16*c + 77 + 163 = 0. Suppose 0 = 4*s - c*s + 506. Suppose 37 = 2*a - 6*i + 3*i, 5*a + 3*i - 124 = 0. What is the greatest common factor of s and a?
23
Suppose -11*l + 7135 = -1027. Calculate the greatest common factor of 28 and l.
14
Let g be (1/4)/(11/836). Let t(c) = -19*c + g*c**3 - 10 - 10*c**3 - 6*c + 27*c**2 - 10*c**3. Let q be t(26). Calculate the greatest common divisor of q and 104.
8
Suppose -5*s + 177 = -2*s. Let t = 246 - s. What is the highest common divisor of 17 and t?
17
Let q = 589 - 584. Let m(f) = 43*f - 6. Let j be m(q). What is the highest common divisor of 22 and j?
11
Let h = -231 + 235. Suppose -3*s + 388 = h*y, -4*s - 15*y + 18*y = -534. What is the greatest common factor of 330 and s?
66
Let c = -21886 - -21976. What is the greatest common divisor of 2130 and c?
30
Let q = -20301 - -20529. What is the greatest common factor of q and 44004?
228
Let m(t) = 2*t**3 - 4*t**2 - 6*t + 8. Let p be m(11). What is the highest common factor of p and 200?
40
Let t(l) = 137*l - 4492. Let d be t(33). Calculate the highest common divisor of d and 14123.
29
Suppose -r - 7 = -5*f, -8*r + 5*f - 97 = -12*r. Calculate the greatest common divisor of r and 48.
6
Let u(x) = x**2 + 47*x + 442. Let k be u(-10). Calculate the greatest common factor of k and 1560.
24
Let u be 346/8 - 2715/(-3620). Calculate the highest common divisor of 29040 and u.
44
Let c be (-40)/6 - (-13)/(-39). Let r be (-6 - c)/(1 - 28/32). What is the highest common factor of r and 26?
2
Suppose -56*f + 86037 = 73840 - 230731. Calculate the greatest common divisor of f and 126.
18
Suppose 3*k + 155 = -2*r + 813, -236 = -k - 4*r. Suppose -2*x = -3*x + k. Suppose -24 - 24 = -2*f. What is the highest common divisor of f and x?
24
Let h(t) = t + 17. Suppose -2*q + 0 = 2*j + 2, 5*j = 3*q + 27. Let s be h(q). Calculate the highest common factor of 104 and s.
13
Suppose -80 = -3*b - 77. Suppose -6*v + 23 = -115. Calculate the greatest common divisor of b and v.
1
Suppose 18*g - 23072 = 10*g. Calculate the greatest common divisor of 28 and g.
28
Suppose -112*p + 234*p - 6 = 116*p. What is the highest common factor of p and 121?
1
Let g(l) = 17*l**2 + 1. Let i be g(-1). Suppose 4*n = 5*o + 329, -n + 59 = 2*o - 20. Let q = -57 + n. Calculate the highest common divisor of q and i.
6
Let j(o) = -o**3 + 30*o**2 + 31*o + 2. Let t be j(31). Let l = 20 + 26. Calculate the highest common divisor of l and t.
2
Let l = 71 - 81. Let v be 4/l - 1169/(-35). Calculate the highest common factor of v and 12.
3
Let v = 259 - 238. Let g be 3/v - (-321)/7. Calculate the highest common divisor of 115 and g.
23
Let u be ((-12)/6 - -7) + 3 + 668. Let g = 694 - u. Calculate the greatest common factor of 24 and g.
6
Let m = 93 + -118. Let w = 47 - m. What is the highest common divisor of 120 and w?
24
Let j = -15988 + 16037. What is the highest common factor of j and 553?
7
Suppose 21 = o + o + p, 0 = o - 4*p - 33. Let b be 4/(((-2)/54)/((-30)/45)). Suppose -2*r + 124 = b. Calculate the greatest common factor of r and o.
13
Suppose 6*y + 62*y = 4*y + 896. Calculate the highest common divisor of y and 10213.
7
Let k(j) = -86*j**3 + 2*j**2 - 3*j + 11. Let t be k(-3). What is the highest common factor of 16 and t?
8
Let f be (-34)/(-51) - (3 + (-512)/6). What is the highest common divisor of f and 581?
83
Let x(c) = -2*c**3 - 5*c**2 - 2*c + 5. Let l be x(-5). Let f(i) = -2226*i + 93548. Let p be f(42). What is the highest common divisor of l and p?
28
Let q be (-12)/(-8) + -3 + (45870/20)/11. Suppose 0 = -4*u - 6 + 190. What is the highest common factor of u and q?
23
Let a be (-204)/(-21) + 10/35. Let j be (7 - -2 - a)/(2/(-28)). Suppose 0 = r + r - 364. Calculate the highest common divisor of j and r.
14
Let i(v) = 3*v**2 - 12*v - 6. Let d = 476 - 469. Let h be i(d). Let t be (-453)/(-6) - (-2)/4. Calculate the highest common divisor of h and t.
19
Let w(t) = 3*t**3 + 32*t**2 - 109*t + 5. Let d be w(4). What is the greatest common divisor of d and 182?
91
Let k be 39/5 - (-1)/5. Let i(c) = -c**2 + 6*c + 10. Let l be i(0). Let w be (15/9)/(l/36). Calculate the greatest common divisor of w and k.
2
Suppose -2*v = -2*l - 6 - 2, -l - 4*v + 16 = 0. Suppose 5*o - 45 = -l*o. Let h = 684437 + -684410. Calculate the greatest common divisor of o and h.
9
Let p(b) = 27*b**2 + 19 - 14*b - 29*b**2 + 18. Let f be p(-9). What is the highest common factor of f and 5?
1
Suppose 4*n = t + 4419, -4*n + 7*t - 1112 = -5*n. What